at is the remainder when 35891 is divided by 854?
23
What is the remainder when 61148 is divided by 719?
33
Calculate the remainder when 1660157 is divided by 752.
493
Calculate the remainder when 2789920 is divided by 456.
112
Calculate the remainder when 1051327 is divided by 275.
2
Calculate the remainder when 12267655 is divided by 306691.
15
Calculate the remainder when 582763 is divided by 1661.
1413
What is the remainder when 6733285 is divided by 131?
16
Calculate the remainder when 1266568 is divided by 50662.
18
Calculate the remainder when 56806 is divided by 975.
256
What is the remainder when 1014460834 is divided by 2737?
2732
What is the remainder when 4021053 is divided by 236532?
9
Calculate the remainder when 120085 is divided by 746.
725
What is the remainder when 1323216 is divided by 330791?
52
What is the remainder when 293457 is divided by 4973?
50
What is the remainder when 103925 is divided by 9163?
3132
Calculate the remainder when 316828 is divided by 1009.
2
Calculate the remainder when 913336 is divided by 983.
129
What is the remainder when 11777089 is divided by 85?
84
Calculate the remainder when 122470 is divided by 628.
10
What is the remainder when 77853 is divided by 15039?
2658
Calculate the remainder when 5654332 is divided by 61460.
12
What is the remainder when 85674765 is divided by 42837381?
3
What is the remainder when 2330180 is divided by 445?
160
What is the remainder when 135374 is divided by 192?
14
Calculate the remainder when 94604696 is divided by 7.
4
What is the remainder when 6614613 is divided by 8692?
1
Calculate the remainder when 1723266 is divided by 43.
41
Calculate the remainder when 2965881 is divided by 140.
121
Calculate the remainder when 473357 is divided by 1071.
1046
What is the remainder when 34731754 is divided by 2127?
2098
What is the remainder when 2076731 is divided by 692232?
35
What is the remainder when 16756748 is divided by 36?
8
What is the remainder when 40686749 is divided by 13891?
10
Calculate the remainder when 853004 is divided by 205.
204
Calculate the remainder when 1601542 is divided by 320298.
52
What is the remainder when 50435 is divided by 3642?
3089
Calculate the remainder when 57630009 is divided by 282500.
9
Calculate the remainder when 3043819 is divided by 70.
9
Calculate the remainder when 6942901 is divided by 34.
33
What is the remainder when 8874154 is divided by 150409?
23
Calculate the remainder when 35530 is divided by 3851.
871
What is the remainder when 30740680 is divided by 21?
19
What is the remainder when 34029385 is divided by 21?
19
Calculate the remainder when 111841 is divided by 111184.
657
Calculate the remainder when 1059921 is divided by 353.
215
What is the remainder when 13689087 is divided by 13689073?
14
What is the remainder when 6640872 is divided by 3320325?
222
Calculate the remainder when 1463425 is divided by 551.
520
What is the remainder when 7604958 is divided by 89?
86
Calculate the remainder when 2378177 is divided by 5930.
247
Calculate the remainder when 32306 is divided by 4427.
1317
What is the remainder when 74132 is divided by 1815?
1532
What is the remainder when 109042 is divided by 36250?
292
What is the remainder when 141398 is divided by 244?
122
Calculate the remainder when 2742828 is divided by 1004.
904
What is the remainder when 691991 is divided by 288?
215
Calculate the remainder when 11401723 is divided by 203.
25
What is the remainder when 29965947 is divided by 2646?
2643
Calculate the remainder when 48029220 is divided by 237.
222
Calculate the remainder when 1136807 is divided by 1136784.
23
What is the remainder when 340957401 is divided by 709?
10
What is the remainder when 9375174 is divided by 6488?
14
Calculate the remainder when 17416158 is divided by 170.
168
Calculate the remainder when 234138629 is divided by 19.
14
Calculate the remainder when 573616 is divided by 15927.
244
Calculate the remainder when 2393839 is divided by 149613.
31
What is the remainder when 154667 is divided by 312?
227
What is the remainder when 580808 is divided by 115592?
2848
What is the remainder when 243801 is divided by 571?
555
Calculate the remainder when 452738 is divided by 13684.
1166
What is the remainder when 28339804 is divided by 3531?
3529
Calculate the remainder when 621146 is divided by 1780.
1706
Calculate the remainder when 98512 is divided by 12276.
304
Calculate the remainder when 2474678 is divided by 1337.
1228
What is the remainder when 929130 is divided by 4129?
105
What is the remainder when 504412 is divided by 94?
8
What is the remainder when 25592 is divided by 11864?
1864
What is the remainder when 5278437 is divided by 4692?
4629
What is the remainder when 2847858 is divided by 6966?
5730
Calculate the remainder when 350760 is divided by 28.
4
Calculate the remainder when 3421660 is divided by 6110.
60
Calculate the remainder when 771802 is divided by 192020.
3722
What is the remainder when 564403 is divided by 80629?
0
What is the remainder when 7626240 is divided by 56?
48
What is the remainder when 279363 is divided by 1231?
1157
Calculate the remainder when 483055 is divided by 8187.
22
Calculate the remainder when 3287155 is divided by 821627.
647
Calculate the remainder when 565593 is divided by 15286.
11
What is the remainder when 2439048 is divided by 65?
53
What is the remainder when 58564729 is divided by 636573?
13
What is the remainder when 21804 is divided by 6232?
3108
Calculate the remainder when 1541174 is divided by 110.
74
Calculate the remainder when 15084 is divided by 677.
190
Calculate the remainder when 1081488 is divided by 2207.
58
What is the remainder when 349866 is divided by 34975?
116
Calculate the remainder when 13739940 is divided by 162.
72
What is the remainder when 12515836 is divided by 18298?
4
Calculate the remainder when 41634514 is divided by 492.
490
What is the remainder when 3815166 is divided by 978?
966
What is the remainder when 1231892892 is divided by 8102?
8098
Calculate the remainder when 927390 is divided by 304.
190
Calculate the remainder when 5118466 is divided by 141.
25
Calculate the remainder when 51684 is divided by 2337.
270
What is the remainder when 5679817 is divided by 350?
17
Calculate the remainder when 29067 is divided by 97.
64
Calculate the remainder when 66377083 is divided by 734.
729
Calculate the remainder when 20064233 is divided by 1114679.
11
Calculate the remainder when 1793620 is divided by 3874.
3832
Calculate the remainder when 16851614 is divided by 47.
46
Calculate the remainder when 1106914 is divided by 276690.
154
Calculate the remainder when 1476772 is divided by 369185.
32
What is the remainder when 2554305 is divided by 510861?
0
Calculate the remainder when 38164 is divided by 246.
34
Calculate the remainder when 204598584 is divided by 21.
15
What is the remainder when 799905 is divided by 41?
36
Calculate the remainder when 65925682 is divided by 198.
196
Calculate the remainder when 5020923 is divided by 3.
0
Calculate the remainder when 3745794 is divided by 300.
294
Calculate the remainder when 68513 is divided by 317.
41
Calculate the remainder when 687104 is divided by 593.
410
Calculate the remainder when 31438 is divided by 1110.
358
What is the remainder when 13394 is divided by 1686?
1592
What is the remainder when 1455614609 is divided by 10?
9
Calculate the remainder when 10978939 is divided by 30.
19
Calculate the remainder when 947868 is divided by 2723.
264
What is the remainder when 408393597 is divided by 2400?
2397
Calculate the remainder when 131432 is divided by 9.
5
What is the remainder when 45713562 is divided by 408?
18
Calculate the remainder when 718991 is divided by 46.
11
Calculate the remainder when 771173 is divided by 8117.
58
Calculate the remainder when 469707 is divided by 67.
37
What is the remainder when 101514396 is divided by 5306?
4
Calculate the remainder when 7287350 is divided by 29.
27
What is the remainder when 24712774 is divided by 99?
97
Calculate the remainder when 11140520 is divided by 89124.
20
What is the remainder when 311216996 is divided by 375?
371
What is the remainder when 775228 is divided by 74?
4
Calculate the remainder when